{"id":8835,"date":"2023-03-27T16:06:14","date_gmt":"2023-03-27T14:06:14","guid":{"rendered":"https:\/\/labeltech.ch\/andreas-wagner\/"},"modified":"2025-07-25T13:37:04","modified_gmt":"2025-07-25T11:37:04","slug":"andreas-wagner","status":"publish","type":"page","link":"https:\/\/labeltech.ch\/fr\/a-propos-de-nous\/andreas-wagner\/","title":{"rendered":"Andreas Wagner"},"content":{"rendered":"<p><div class=\"fusion-fullwidth fullwidth-box fusion-builder-row-1 fusion-flex-container has-pattern-background has-mask-background nonhundred-percent-fullwidth non-hundred-percent-height-scrolling\" style=\"--awb-border-radius-top-left:0px;--awb-border-radius-top-right:0px;--awb-border-radius-bottom-right:0px;--awb-border-radius-bottom-left:0px;--awb-padding-top:20px;--awb-padding-bottom:20px;--awb-margin-top:-60px;--awb-background-color:var(--awb-color5);--awb-flex-wrap:wrap;\" ><div class=\"fusion-builder-row fusion-row fusion-flex-align-items-flex-start fusion-flex-content-wrap\" style=\"max-width:1248px;margin-left: calc(-4% \/ 2 );margin-right: calc(-4% \/ 2 );\"><div class=\"fusion-layout-column fusion_builder_column fusion-builder-column-0 fusion_builder_column_1_1 1_1 fusion-flex-column\" style=\"--awb-bg-size:cover;--awb-width-large:100%;--awb-margin-top-large:0px;--awb-spacing-right-large:1.92%;--awb-margin-bottom-large:0px;--awb-spacing-left-large:1.92%;--awb-width-medium:100%;--awb-order-medium:0;--awb-spacing-right-medium:1.92%;--awb-spacing-left-medium:1.92%;--awb-width-small:100%;--awb-order-small:0;--awb-spacing-right-small:1.92%;--awb-spacing-left-small:1.92%;\"><div class=\"fusion-column-wrapper fusion-column-has-shadow fusion-flex-justify-content-flex-start fusion-content-layout-column\"><div class=\"fusion-title title fusion-title-1 fusion-sep-none fusion-title-text fusion-title-size-one\" style=\"--awb-text-color:var(--awb-color1);--awb-margin-top-small:10px;--awb-margin-right-small:0px;--awb-margin-bottom-small:10px;--awb-margin-left-small:0px;\"><h1 class=\"fusion-title-heading title-heading-left fusion-responsive-typography-calculated\" style=\"margin:0;--fontSize:54;line-height:1.16;\">Andreas Wagner<\/h1><\/div><\/div><\/div><\/div><\/div><div class=\"fusion-fullwidth fullwidth-box fusion-builder-row-2 fusion-flex-container nonhundred-percent-fullwidth non-hundred-percent-height-scrolling\" style=\"--awb-border-radius-top-left:0px;--awb-border-radius-top-right:0px;--awb-border-radius-bottom-right:0px;--awb-border-radius-bottom-left:0px;--awb-flex-wrap:wrap;\" ><div class=\"fusion-builder-row fusion-row fusion-flex-align-items-flex-start fusion-flex-content-wrap\" style=\"max-width:1248px;margin-left: calc(-4% \/ 2 );margin-right: calc(-4% \/ 2 );\"><div class=\"fusion-layout-column fusion_builder_column fusion-builder-column-1 fusion_builder_column_2_3 2_3 fusion-flex-column\" style=\"--awb-bg-size:cover;--awb-width-large:66.666666666667%;--awb-margin-top-large:50px;--awb-spacing-right-large:2.88%;--awb-margin-bottom-large:20px;--awb-spacing-left-large:2.88%;--awb-width-medium:100%;--awb-order-medium:0;--awb-spacing-right-medium:1.92%;--awb-spacing-left-medium:1.92%;--awb-width-small:100%;--awb-order-small:0;--awb-spacing-right-small:1.92%;--awb-spacing-left-small:1.92%;\"><div class=\"fusion-column-wrapper fusion-column-has-shadow fusion-flex-justify-content-flex-start fusion-content-layout-column\"><div class=\"fusion-title title fusion-title-2 fusion-sep-none fusion-title-text fusion-title-size-two\" style=\"--awb-margin-top-small:10px;--awb-margin-right-small:0px;--awb-margin-bottom-small:10px;--awb-margin-left-small:0px;\"><h2 class=\"fusion-title-heading title-heading-left fusion-responsive-typography-calculated\" style=\"margin:0;--fontSize:40;line-height:1.2;\">\u00c0 propos de moi<\/h2><\/div><div class=\"fusion-text fusion-text-1\"><p>Depuis 1994, j&#8217;assiste nos clients dans leurs projets concernant les \u00e9tiquettes et les imprimantes.<\/p>\n<p><strong>2003 Cofondateur de Labeltech AG<\/strong><\/p>\n<p><strong>Les valeurs qui me guident :<\/strong><\/p>\n<ol>\n<li><strong>Teamwork-<\/strong>Nous mettons en commun les comp\u00e9tences sp\u00e9cifiques de chaque membre de l&#8217;\u00e9quipe pour r\u00e9soudre des t\u00e2ches ensemble.<\/li>\n<li><strong>Focalisation sur le client-<\/strong>Nous pla\u00e7ons toujours nos clients au centre de nos pr\u00e9occupations.<\/li>\n<li><strong>Ambition-<\/strong>Nous nous effor\u00e7ons toujours de trouver la meilleure solution.<\/li>\n<li><strong>Innovation <\/strong>&#8211; Nous d\u00e9fions le statu quo de mani\u00e8re cibl\u00e9e et r\u00e9fl\u00e9chie.<\/li>\n<li><strong>Honn\u00eatet\u00e9 <\/strong>&#8211; Nous disons ce que nous faisons et nous faisons ce que nous disons.<\/li>\n<\/ol>\n<p>Gr\u00e2ce \u00e0 notre expertise de longue date et \u00e0 notre portefeuille de produits de haute qualit\u00e9, nous trouverons ensemble le produit qui vous convient.<br \/>\nSi vous avez des questions sp\u00e9cifiques, nous sommes \u00e0 votre enti\u00e8re disposition.<\/p>\n<\/div><div class=\"fusion-title title fusion-title-3 fusion-sep-none fusion-title-text fusion-title-size-two\" style=\"--awb-margin-top-small:10px;--awb-margin-right-small:0px;--awb-margin-bottom-small:10px;--awb-margin-left-small:0px;\"><h2 class=\"fusion-title-heading title-heading-left fusion-responsive-typography-calculated\" style=\"margin:0;--fontSize:40;line-height:1.2;\">Formation &amp; certificats<\/h2><\/div><ul style=\"--awb-iconcolor:var(--awb-color6);--awb-textcolor:#000000;--awb-line-height:27.2px;--awb-icon-width:27.2px;--awb-icon-height:27.2px;--awb-icon-margin:11.2px;--awb-content-margin:38.4px;\" class=\"fusion-checklist fusion-checklist-1 fusion-checklist-default type-icons\"><li class=\"fusion-li-item\" style=\"\"><span class=\"icon-wrapper circle-no\"><i class=\"fusion-li-icon fa-file-certificate fas\" aria-hidden=\"true\"><\/i><\/span><div class=\"fusion-li-item-content\">\n<p>NiceLabel Essentials<\/p>\n<\/div><\/li><li class=\"fusion-li-item\" style=\"\"><span class=\"icon-wrapper circle-no\"><i class=\"fusion-li-icon fa-file-certificate fas\" aria-hidden=\"true\"><\/i><\/span><div class=\"fusion-li-item-content\">\n<p>Epson ColorWorks<\/p>\n<\/div><\/li><li class=\"fusion-li-item\" style=\"\"><span class=\"icon-wrapper circle-no\"><i class=\"fusion-li-icon fa-file-certificate fas\" aria-hidden=\"true\"><\/i><\/span><div class=\"fusion-li-item-content\">\n<p>Formation technique TSC niveaux 1 &amp; 2<\/p>\n<\/div><\/li><li class=\"fusion-li-item\" style=\"\"><span class=\"icon-wrapper circle-no\"><i class=\"fusion-li-icon fa-file-certificate fas\" aria-hidden=\"true\"><\/i><\/span><div class=\"fusion-li-item-content\">\n<p>Avery Dennison \/ Novexx Solutions<\/p>\n<\/div><\/li><li class=\"fusion-li-item\" style=\"\"><span class=\"icon-wrapper circle-no\"><i class=\"fusion-li-icon fa-file-certificate fas\" aria-hidden=\"true\"><\/i><\/span><div class=\"fusion-li-item-content\">\n<p>VIPCOLOR<\/p>\n<\/div><\/li><li class=\"fusion-li-item\" style=\"\"><span class=\"icon-wrapper circle-no\"><i class=\"fusion-li-icon fa-file-certificate fas\" aria-hidden=\"true\"><\/i><\/span><div class=\"fusion-li-item-content\">\n<p>Labelmax<\/p>\n<\/div><\/li><li class=\"fusion-li-item\" style=\"\"><span class=\"icon-wrapper circle-no\"><i class=\"fusion-li-icon fa-file-certificate fas\" aria-hidden=\"true\"><\/i><\/span><div class=\"fusion-li-item-content\">\n<p>Microplex Printware<\/p>\n<\/div><\/li><\/ul><\/div><\/div><div class=\"fusion-layout-column fusion_builder_column fusion-builder-column-2 fusion_builder_column_1_3 1_3 fusion-flex-column\" style=\"--awb-padding-top:30px;--awb-padding-right:30px;--awb-padding-bottom:30px;--awb-padding-left:30px;--awb-overflow:hidden;--awb-bg-color:var(--awb-color1);--awb-bg-color-hover:var(--awb-color1);--awb-bg-size:cover;--awb-box-shadow:0px 20px 30px 0px rgba(0,0,0,0.1);;--awb-border-radius:30px 30px 30px 30px;--awb-transform:translateY(0px);--awb-transform-hover:translateY(-10px);--awb-width-large:33.333333333333%;--awb-margin-top-large:-40px;--awb-spacing-right-large:5.76%;--awb-margin-bottom-large:20px;--awb-spacing-left-large:5.76%;--awb-width-medium:100%;--awb-order-medium:0;--awb-spacing-right-medium:1.92%;--awb-spacing-left-medium:1.92%;--awb-width-small:100%;--awb-order-small:0;--awb-spacing-right-small:1.92%;--awb-spacing-left-small:1.92%;\"><div class=\"fusion-column-wrapper fusion-column-has-shadow fusion-flex-justify-content-space-between fusion-content-layout-column\"><div class=\"fusion-image-element \" style=\"--awb-caption-title-font-family:var(--h2_typography-font-family);--awb-caption-title-font-weight:var(--h2_typography-font-weight);--awb-caption-title-font-style:var(--h2_typography-font-style);--awb-caption-title-size:var(--h2_typography-font-size);--awb-caption-title-transform:var(--h2_typography-text-transform);--awb-caption-title-line-height:var(--h2_typography-line-height);--awb-caption-title-letter-spacing:var(--h2_typography-letter-spacing);\"><span class=\" fusion-imageframe imageframe-none imageframe-1 hover-type-none\" style=\"border-radius:15px;\"><img decoding=\"async\" width=\"1000\" height=\"500\" alt=\"Andreas Wagner\" title=\"Andreas-Wagner_LAB\" src=\"https:\/\/labeltech.ch\/wp-content\/uploads\/2023\/03\/Andreas-Wagner_LAB.jpg\" class=\"img-responsive wp-image-9326\" srcset=\"https:\/\/labeltech.ch\/wp-content\/uploads\/2023\/03\/Andreas-Wagner_LAB-200x100.jpg 200w, https:\/\/labeltech.ch\/wp-content\/uploads\/2023\/03\/Andreas-Wagner_LAB-400x200.jpg 400w, https:\/\/labeltech.ch\/wp-content\/uploads\/2023\/03\/Andreas-Wagner_LAB-600x300.jpg 600w, https:\/\/labeltech.ch\/wp-content\/uploads\/2023\/03\/Andreas-Wagner_LAB-800x400.jpg 800w, https:\/\/labeltech.ch\/wp-content\/uploads\/2023\/03\/Andreas-Wagner_LAB.jpg 1000w\" sizes=\"(max-width: 1024px) 100vw, (max-width: 640px) 100vw, 400px\" \/><\/span><\/div><div class=\"fusion-text fusion-text-2\"><h3>Andreas Wagner<\/h3>\n<p>Directeur g\u00e9n\u00e9ral \/ CEO<\/p>\n<p><strong>Langues parl\u00e9es<\/strong>: Allemand, fran\u00e7ais, anglais<\/p>\n<p><strong>T\u00e9l :<\/strong> <a title=\"Appelez Andreas Wagner maintenant !\" href=\"tel:+41318385052\" target=\"_blank\" rel=\"noopener\">031 838 50 52<\/a><br \/>\n<strong>Courrier \u00e9lectronique : <\/strong><a title=\"Envoyer un mail \u00e0 Andreas Wagner maintenant !\" href=\"mailto:wagner@labeltech.ch\" target=\"_blank\" rel=\"noopener\">wagner@labeltech.ch<\/a><\/p>\n<\/div><\/div><\/div><\/div><\/div><\/p>\n","protected":false},"excerpt":{"rendered":"","protected":false},"author":2,"featured_media":0,"parent":8881,"menu_order":0,"comment_status":"closed","ping_status":"closed","template":"100-width.php","meta":{"footnotes":""},"class_list":["post-8835","page","type-page","status-publish","hentry"],"_links":{"self":[{"href":"https:\/\/labeltech.ch\/fr\/wp-json\/wp\/v2\/pages\/8835","targetHints":{"allow":["GET"]}}],"collection":[{"href":"https:\/\/labeltech.ch\/fr\/wp-json\/wp\/v2\/pages"}],"about":[{"href":"https:\/\/labeltech.ch\/fr\/wp-json\/wp\/v2\/types\/page"}],"author":[{"embeddable":true,"href":"https:\/\/labeltech.ch\/fr\/wp-json\/wp\/v2\/users\/2"}],"replies":[{"embeddable":true,"href":"https:\/\/labeltech.ch\/fr\/wp-json\/wp\/v2\/comments?post=8835"}],"version-history":[{"count":0,"href":"https:\/\/labeltech.ch\/fr\/wp-json\/wp\/v2\/pages\/8835\/revisions"}],"up":[{"embeddable":true,"href":"https:\/\/labeltech.ch\/fr\/wp-json\/wp\/v2\/pages\/8881"}],"wp:attachment":[{"href":"https:\/\/labeltech.ch\/fr\/wp-json\/wp\/v2\/media?parent=8835"}],"curies":[{"name":"wp","href":"https:\/\/api.w.org\/{rel}","templated":true}]}}

<p><div class="fusion-fullwidth fullwidth-box fusion-builder-row-1 fusion-flex-container has-pattern-background has-mask-background nonhundred-percent-fullwidth non-hundred-percent-height-scrolling" style="--awb-border-radius-top-left:0px;--awb-border-radius-top-right:0px;--awb-border-radius-bottom-right:0px;--awb-border-radius-bottom-left:0px;--awb-padding-top:20px;--awb-padding-bottom:20px;--awb-margin-top:-60px;--awb-background-color:var(--awb-color5);--awb-flex-wrap:wrap;" ><div class="fusion-builder-row fusion-row fusion-flex-align-items-flex-start fusion-flex-content-wrap" style="max-width:1248px;margin-left: calc(-4% / 2 );margin-right: calc(-4% / 2 );"><div class="fusion-layout-column fusion_builder_column fusion-builder-column-0 fusion_builder_column_1_1 1_1 fusion-flex-column" style="--awb-bg-size:cover;--awb-width-large:100%;--awb-margin-top-large:0px;--awb-spacing-right-large:1.92%;--awb-margin-bottom-large:0px;--awb-spacing-left-large:1.92%;--awb-width-medium:100%;--awb-order-medium:0;--awb-spacing-right-medium:1.92%;--awb-spacing-left-medium:1.92%;--awb-width-small:100%;--awb-order-small:0;--awb-spacing-right-small:1.92%;--awb-spacing-left-small:1.92%;"><div class="fusion-column-wrapper fusion-column-has-shadow fusion-flex-justify-content-flex-start fusion-content-layout-column"><div class="fusion-title title fusion-title-1 fusion-sep-none fusion-title-text fusion-title-size-one" style="--awb-text-color:var(--awb-color1);--awb-margin-top-small:10px;--awb-margin-right-small:0px;--awb-margin-bottom-small:10px;--awb-margin-left-small:0px;"><h1 class="fusion-title-heading title-heading-left fusion-responsive-typography-calculated" style="margin:0;--fontSize:54;line-height:1.16;">Andreas Wagner</h1></div></div></div></div></div><div class="fusion-fullwidth fullwidth-box fusion-builder-row-2 fusion-flex-container nonhundred-percent-fullwidth non-hundred-percent-height-scrolling" style="--awb-border-radius-top-left:0px;--awb-border-radius-top-right:0px;--awb-border-radius-bottom-right:0px;--awb-border-radius-bottom-left:0px;--awb-flex-wrap:wrap;" ><div class="fusion-builder-row fusion-row fusion-flex-align-items-flex-start fusion-flex-content-wrap" style="max-width:1248px;margin-left: calc(-4% / 2 );margin-right: calc(-4% / 2 );"><div class="fusion-layout-column fusion_builder_column fusion-builder-column-1 fusion_builder_column_2_3 2_3 fusion-flex-column" style="--awb-bg-size:cover;--awb-width-large:66.666666666667%;--awb-margin-top-large:50px;--awb-spacing-right-large:2.88%;--awb-margin-bottom-large:20px;--awb-spacing-left-large:2.88%;--awb-width-medium:100%;--awb-order-medium:0;--awb-spacing-right-medium:1.92%;--awb-spacing-left-medium:1.92%;--awb-width-small:100%;--awb-order-small:0;--awb-spacing-right-small:1.92%;--awb-spacing-left-small:1.92%;"><div class="fusion-column-wrapper fusion-column-has-shadow fusion-flex-justify-content-flex-start fusion-content-layout-column"><div class="fusion-title title fusion-title-2 fusion-sep-none fusion-title-text fusion-title-size-two" style="--awb-margin-top-small:10px;--awb-margin-right-small:0px;--awb-margin-bottom-small:10px;--awb-margin-left-small:0px;"><h2 class="fusion-title-heading title-heading-left fusion-responsive-typography-calculated" style="margin:0;--fontSize:40;line-height:1.2;">À propos de moi</h2></div><div class="fusion-text fusion-text-1"><p>Depuis 1994, j&#8217;assiste nos clients dans leurs projets concernant les étiquettes et les imprimantes.</p>
<p><strong>2003 Cofondateur de Labeltech AG</strong></p>
<p><strong>Les valeurs qui me guident :</strong></p>
<ol>
<li><strong>Teamwork-</strong>Nous mettons en commun les compétences spécifiques de chaque membre de l&#8217;équipe pour résoudre des tâches ensemble.</li>
<li><strong>Focalisation sur le client-</strong>Nous plaçons toujours nos clients au centre de nos préoccupations.</li>
<li><strong>Ambition-</strong>Nous nous efforçons toujours de trouver la meilleure solution.</li>
<li><strong>Innovation </strong>&#8211; Nous défions le statu quo de manière ciblée et réfléchie.</li>
<li><strong>Honnêteté </strong>&#8211; Nous disons ce que nous faisons et nous faisons ce que nous disons.</li>
</ol>
<p>Grâce à notre expertise de longue date et à notre portefeuille de produits de haute qualité, nous trouverons ensemble le produit qui vous convient.<br />
Si vous avez des questions spécifiques, nous sommes à votre entière disposition.</p>
</div><div class="fusion-title title fusion-title-3 fusion-sep-none fusion-title-text fusion-title-size-two" style="--awb-margin-top-small:10px;--awb-margin-right-small:0px;--awb-margin-bottom-small:10px;--awb-margin-left-small:0px;"><h2 class="fusion-title-heading title-heading-left fusion-responsive-typography-calculated" style="margin:0;--fontSize:40;line-height:1.2;">Formation &amp; certificats</h2></div><ul style="--awb-iconcolor:var(--awb-color6);--awb-textcolor:#000000;--awb-line-height:27.2px;--awb-icon-width:27.2px;--awb-icon-height:27.2px;--awb-icon-margin:11.2px;--awb-content-margin:38.4px;" class="fusion-checklist fusion-checklist-1 fusion-checklist-default type-icons"><li class="fusion-li-item" style=""><span class="icon-wrapper circle-no"><i class="fusion-li-icon fa-file-certificate fas" aria-hidden="true"></i></span><div class="fusion-li-item-content">
<p>NiceLabel Essentials</p>
</div></li><li class="fusion-li-item" style=""><span class="icon-wrapper circle-no"><i class="fusion-li-icon fa-file-certificate fas" aria-hidden="true"></i></span><div class="fusion-li-item-content">
<p>Epson ColorWorks</p>
</div></li><li class="fusion-li-item" style=""><span class="icon-wrapper circle-no"><i class="fusion-li-icon fa-file-certificate fas" aria-hidden="true"></i></span><div class="fusion-li-item-content">
<p>Formation technique TSC niveaux 1 &amp; 2</p>
</div></li><li class="fusion-li-item" style=""><span class="icon-wrapper circle-no"><i class="fusion-li-icon fa-file-certificate fas" aria-hidden="true"></i></span><div class="fusion-li-item-content">
<p>Avery Dennison / Novexx Solutions</p>
</div></li><li class="fusion-li-item" style=""><span class="icon-wrapper circle-no"><i class="fusion-li-icon fa-file-certificate fas" aria-hidden="true"></i></span><div class="fusion-li-item-content">
<p>VIPCOLOR</p>
</div></li><li class="fusion-li-item" style=""><span class="icon-wrapper circle-no"><i class="fusion-li-icon fa-file-certificate fas" aria-hidden="true"></i></span><div class="fusion-li-item-content">
<p>Labelmax</p>
</div></li><li class="fusion-li-item" style=""><span class="icon-wrapper circle-no"><i class="fusion-li-icon fa-file-certificate fas" aria-hidden="true"></i></span><div class="fusion-li-item-content">
<p>Microplex Printware</p>
</div></li></ul></div></div><div class="fusion-layout-column fusion_builder_column fusion-builder-column-2 fusion_builder_column_1_3 1_3 fusion-flex-column" style="--awb-padding-top:30px;--awb-padding-right:30px;--awb-padding-bottom:30px;--awb-padding-left:30px;--awb-overflow:hidden;--awb-bg-color:var(--awb-color1);--awb-bg-color-hover:var(--awb-color1);--awb-bg-size:cover;--awb-box-shadow:0px 20px 30px 0px rgba(0,0,0,0.1);;--awb-border-radius:30px 30px 30px 30px;--awb-transform:translateY(0px);--awb-transform-hover:translateY(-10px);--awb-width-large:33.333333333333%;--awb-margin-top-large:-40px;--awb-spacing-right-large:5.76%;--awb-margin-bottom-large:20px;--awb-spacing-left-large:5.76%;--awb-width-medium:100%;--awb-order-medium:0;--awb-spacing-right-medium:1.92%;--awb-spacing-left-medium:1.92%;--awb-width-small:100%;--awb-order-small:0;--awb-spacing-right-small:1.92%;--awb-spacing-left-small:1.92%;"><div class="fusion-column-wrapper fusion-column-has-shadow fusion-flex-justify-content-space-between fusion-content-layout-column"><div class="fusion-image-element " style="--awb-caption-title-font-family:var(--h2_typography-font-family);--awb-caption-title-font-weight:var(--h2_typography-font-weight);--awb-caption-title-font-style:var(--h2_typography-font-style);--awb-caption-title-size:var(--h2_typography-font-size);--awb-caption-title-transform:var(--h2_typography-text-transform);--awb-caption-title-line-height:var(--h2_typography-line-height);--awb-caption-title-letter-spacing:var(--h2_typography-letter-spacing);"><span class=" fusion-imageframe imageframe-none imageframe-1 hover-type-none" style="border-radius:15px;"><img decoding="async" width="1000" height="500" alt="Andreas Wagner" title="Andreas-Wagner_LAB" src="https://labeltech.ch/wp-content/uploads/2023/03/Andreas-Wagner_LAB.jpg" class="img-responsive wp-image-9326" srcset="https://labeltech.ch/wp-content/uploads/2023/03/Andreas-Wagner_LAB-200x100.jpg 200w, https://labeltech.ch/wp-content/uploads/2023/03/Andreas-Wagner_LAB-400x200.jpg 400w, https://labeltech.ch/wp-content/uploads/2023/03/Andreas-Wagner_LAB-600x300.jpg 600w, https://labeltech.ch/wp-content/uploads/2023/03/Andreas-Wagner_LAB-800x400.jpg 800w, https://labeltech.ch/wp-content/uploads/2023/03/Andreas-Wagner_LAB.jpg 1000w" sizes="(max-width: 1024px) 100vw, (max-width: 640px) 100vw, 400px" /></span></div><div class="fusion-text fusion-text-2"><h3>Andreas Wagner</h3>
<p>Directeur général / CEO</p>
<p><strong>Langues parlées</strong>: Allemand, français, anglais</p>
<p><strong>Tél :</strong> <a title="Appelez Andreas Wagner maintenant !" href="tel:+41318385052" target="_blank" rel="noopener">031 838 50 52</a><br />
<strong>Courrier électronique : </strong><a title="Envoyer un mail à Andreas Wagner maintenant !" href="mailto:wagner@labeltech.ch" target="_blank" rel="noopener">wagner@labeltech.ch</a></p>
</div></div></div></div></div></p>
